{"id":16,"date":"2018-04-19T17:31:04","date_gmt":"2018-04-19T16:31:04","guid":{"rendered":"http:\/\/www.restoscolairecollexbossy.ch\/wordpress\/?page_id=16"},"modified":"2025-09-07T20:29:28","modified_gmt":"2025-09-07T19:29:28","slug":"information-du-comite","status":"publish","type":"page","link":"https:\/\/www.restoscolairecollexbossy.ch\/","title":{"rendered":"Infos Pratiques"},"content":{"rendered":"<p><a href=\"http:\/\/www.fourchetteverte.ch\" target=\"_blank\" rel=\"noopener noreferrer\"><img loading=\"lazy\" decoding=\"async\" class=\"wp-image-121 alignright\" src=\"http:\/\/www.restoscolairecollexbossy.ch\/wp-content\/uploads\/2018\/05\/Fourchette.png\" alt=\"\" width=\"167\" height=\"167\" \/><\/a><\/p>\n<p><a href=\"http:\/\/www.restoscolairecollexbossy.ch\/wp-content\/uploads\/2019\/03\/LOGO-RSCB-RVB-72dpi.jpg\"><img loading=\"lazy\" decoding=\"async\" class=\"wp-image-508 alignleft\" src=\"http:\/\/www.restoscolairecollexbossy.ch\/wp-content\/uploads\/2019\/03\/LOGO-RSCB-RVB-72dpi.jpg\" alt=\"\" width=\"197\" height=\"197\" srcset=\"https:\/\/www.restoscolairecollexbossy.ch\/wp-content\/uploads\/2019\/03\/LOGO-RSCB-RVB-72dpi.jpg 945w, https:\/\/www.restoscolairecollexbossy.ch\/wp-content\/uploads\/2019\/03\/LOGO-RSCB-RVB-72dpi-632x632.jpg 632w, https:\/\/www.restoscolairecollexbossy.ch\/wp-content\/uploads\/2019\/03\/LOGO-RSCB-RVB-72dpi-768x768.jpg 768w, https:\/\/www.restoscolairecollexbossy.ch\/wp-content\/uploads\/2019\/03\/LOGO-RSCB-RVB-72dpi-100x100.jpg 100w\" sizes=\"auto, (max-width: 197px) 100vw, 197px\" \/><\/a><\/p>\n<p style=\"text-align: left;\"><strong>Restaurant Scolaire de Collex-Bossy<\/strong><\/p>\n<p style=\"text-align: left;\">Le restaurant scolaire accueille vos enfants pour le repas de midi le lundi, mardi, jeudi et vendredi<\/p>\n<p style=\"text-align: left;\">Le restaurant scolaire est au b\u00e9n\u00e9fice du label \u00ab fourchette verte junior \u00bb.<br \/>\nNous attachons une grande importance \u00e0 l\u2019\u00e9quilibre alimentaire, \u00e0 la qualit\u00e9 et \u00e0 la provenance des produits. Nous avons recours \u00e0 des ingr\u00e9dients frais, qui sont appr\u00eat\u00e9s sur place, par Mr. Mohamed Abouabdelmajid<span style=\"font-size: inherit;\">, notre chef de cuisine.<\/span><\/p>\n<p style=\"text-align: left;\">Le menu de la semaine se trouve sur notre site <strong>www.restoscolairecollexbossy.ch<\/strong><\/p>\n<p style=\"text-align: left;\">Le restaurant scolaire est g\u00e9r\u00e9 par l\u2019Association du Restaurant Scolaire de Collex-Bossy (ARSCB). Son comit\u00e9 est compos\u00e9 de parents b\u00e9n\u00e9voles. Ils s\u2019occupent de toute question li\u00e9e aux ressources humaines, aux finances et au fonctionnement du restaurant scolaire.<\/p>\n<p style=\"text-align: left;\">Actuellement, le comit\u00e9 est compos\u00e9 de :<\/p>\n<p style=\"padding-left: 160px;\"><strong>Anna Lisa Repetto &#8211; Pr\u00e9sidente<\/strong><\/p>\n<p style=\"padding-left: 160px;\"><strong>Christine Bader &#8211; Vice-pr\u00e9sidente\u00a0<\/strong><\/p>\n<p style=\"padding-left: 160px;\"><strong>Lidia Galeeva &#8211; Tr\u00e9sori\u00e8re<\/strong><\/p>\n<p style=\"padding-left: 160px;\"><strong>Andreas Taglieber &#8211; Secr\u00e9taire<\/strong><\/p>\n<p style=\"padding-left: 160px;\"><strong>Elodie Anduze-Faris &#8211; Amie de l&rsquo;association<\/strong><\/p>\n<p style=\"text-align: left;\"><strong>Les aspects financiers :<\/strong><br \/>\nChaque famille doit payer une cotisation de CHF 25.- en d\u00e9but d\u2019ann\u00e9e scolaire.<br \/>\nCette cotisation est due par famille et par ann\u00e9e.<\/p>\n<p>IMPORTANT : lors de l&rsquo;\u00e9tablissement des ordres de paiement il est important d&rsquo;indiquer le num\u00e9ro de facture dans l&rsquo;espace d\u00e9di\u00e9 aux \u00ab\u00a0message pour le b\u00e9n\u00e9ficiaire\u00a0\u00bb. Ceci permets de prendre en compte votre paiement de mani\u00e8re correcte et rapide<\/p>\n<p style=\"text-align: left;\"><strong>Les parents deviennent ainsi automatiquement membre du ARSCB.<\/strong><\/p>\n<p style=\"text-align: left;\">Le prix des repas est de CHF 10,00.-<\/p>\n<p style=\"text-align: left;\">Une facture est envoy\u00e9e aux familles chaque mois par notre fiduciaire, en tenant compte de la pr\u00e9sence effective des enfants.<\/p>\n<p style=\"text-align: left;\">En cas de non-paiement de la facture, malgr\u00e9 les rappels re\u00e7us, le restaurant scolaire se r\u00e9serve le droit de suspendre ses prestations.<\/p>\n<p style=\"text-align: left;\">L\u2019encadrement et l\u2019accueil des enfants sont assur\u00e9s par les animatrices du GIAP (Groupement Intercommunal pour l\u2019Animation Parascolaire). L\u2019encadrement est factur\u00e9 directement par le GIAP trois fois par ann\u00e9e.<\/p>\n<p style=\"text-align: left;\">L\u2019ARSCB et le GIAP sont deux organisations ind\u00e9pendantes qui collaborent \u00e0<br \/>\nl\u2019accueil et au fonctionnement du restaurant scolaire.<\/p>\n<p style=\"text-align: left;\">Toute absence de votre enfant au repas doit \u00eatre annonc\u00e9e selon les directives du GIAP (<strong>de pr\u00e9f\u00e9rence sur my.giap.ch<\/strong> ou sur le r\u00e9pondeur 0860 79 909 51 35) <strong>jusqu\u2019\u00e0 9h00 le matin<\/strong>, faute de quoi le repas vous sera factur\u00e9.<\/p>\n<p style=\"text-align: left;\">En cas de questions, vous pouvez nous adresser un email \u00e0 l\u2019adresse suivante :<br \/>\n<strong>contact@restoscolairecollexbossy.ch<\/strong><\/p>\n<p style=\"text-align: left;\">\n","protected":false},"excerpt":{"rendered":"<p>Restaurant Scolaire de Collex-Bossy Le restaurant scolaire accueille vos enfants pour le repas de midi le lundi, mardi, jeudi et vendredi Le restaurant scolaire est au b\u00e9n\u00e9fice du label \u00ab fourchette verte junior \u00bb. Nous attachons une grande importance \u00e0 l\u2019\u00e9quilibre alimentaire, \u00e0 la qualit\u00e9 et \u00e0 la provenance des produits. Nous avons recours \u00e0 [&hellip;]<\/p>\n","protected":false},"author":1,"featured_media":0,"parent":0,"menu_order":0,"comment_status":"closed","ping_status":"open","template":"","meta":{"_acf_changed":false,"footnotes":""},"class_list":["post-16","page","type-page","status-publish","hentry"],"acf":[],"_links":{"self":[{"href":"https:\/\/www.restoscolairecollexbossy.ch\/index.php?rest_route=\/wp\/v2\/pages\/16","targetHints":{"allow":["GET"]}}],"collection":[{"href":"https:\/\/www.restoscolairecollexbossy.ch\/index.php?rest_route=\/wp\/v2\/pages"}],"about":[{"href":"https:\/\/www.restoscolairecollexbossy.ch\/index.php?rest_route=\/wp\/v2\/types\/page"}],"author":[{"embeddable":true,"href":"https:\/\/www.restoscolairecollexbossy.ch\/index.php?rest_route=\/wp\/v2\/users\/1"}],"replies":[{"embeddable":true,"href":"https:\/\/www.restoscolairecollexbossy.ch\/index.php?rest_route=%2Fwp%2Fv2%2Fcomments&post=16"}],"version-history":[{"count":37,"href":"https:\/\/www.restoscolairecollexbossy.ch\/index.php?rest_route=\/wp\/v2\/pages\/16\/revisions"}],"predecessor-version":[{"id":1628,"href":"https:\/\/www.restoscolairecollexbossy.ch\/index.php?rest_route=\/wp\/v2\/pages\/16\/revisions\/1628"}],"wp:attachment":[{"href":"https:\/\/www.restoscolairecollexbossy.ch\/index.php?rest_route=%2Fwp%2Fv2%2Fmedia&parent=16"}],"curies":[{"name":"wp","href":"https:\/\/api.w.org\/{rel}","templated":true}]}}